ctors of z?
2, 5, 881
Suppose -3*k + 2*x + 8150 = 0, -4*x - 7874 - 278 = -3*k. List the prime factors of k.
2, 7, 97
Let w be (2 - 11/2)*(-6)/(-1). What are the prime factors of (-1 - w) + 24/(48/(-8))?
2
Let j be -2*12/2*(-6)/8. Suppose 2*m - 15 = -j. Suppose m*y = 2*z + 59, -5*y + 3*z + 99 = -0*y. List the prime factors of y.
3, 7
Let g be (720/64)/(3/8). Suppose -25*o = -g*o + 5385. List the prime factors of o.
3, 359
Suppose 0 = -2*d + s - 2*s + 5827, 3*d + s - 8742 = 0. Suppose -8153 = -9*y - d. What are the prime factors of y?
2, 3, 97
Suppose -3*f = t - 6*t + 43253, 10*f + 34648 = 4*t. List the prime factors of t.
8647
Let h = -360 - -365. Suppose u = 5*p - 3*u - 315, 0 = -h*p + 3*u + 310. List the prime factors of p.
59
Let t(c) = -c**3 - 13*c**2 - 65*c - 276. List the prime factors of t(-22).
2, 5, 19, 29
Suppose 30*h = -45*h + 233550. What are the prime factors of h?
2, 3, 173
Let i = 6465 + -3313. What are the prime factors of i?
2, 197
Suppose -3*w + 7 = 4*o - 1, 5*w - 24 = 4*o. Suppose w*v + 27 = -25. Let j(d) = -d**3 - 12*d**2 - 5*d - 44. List the prime factors of j(v).
2, 5, 19
Let h(f) = 93*f**3 + 4*f**2 + 10*f - 8. Let v be h(6). Suppose 20*r - v - 5136 = 0. What are the prime factors of r?
31, 41
Suppose 2 = j - 5*m + 9, -5*j = -2*m - 34. List the prime factors of (362/j)/(((-8)/2)/(-48)).
3, 181
Suppose -253202 + 4398518 = 64*a + 58*a. List the prime factors of a.
2, 3, 7, 809
Suppose -3*n = -14*n - 9812. Let d = -300 - n. List the prime factors of d.
2, 37
Suppose -8*u - 36 = -5*x - 5*u, -u + 12 = x. What are the prime factors of ((-18)/x - (-159 + -2)) + -5?
2, 7, 11
Let o(s) = 92*s**2 + 83*s**2 - 257*s**2 + 87*s**2 - 24. What are the prime factors of o(6)?
2, 3, 13
Suppose -3*u - 20 = o + u, -4*o = -u + 80. Let c be ((-124)/o)/(4/20). Suppose -c = -k + 44. What are the prime factors of k?
3, 5
Let w be 2/7 - 1382/(-14). Let v = 3880 - 3827. Suppose -w = -2*x + v. What are the prime factors of x?
2, 19
Let m be (-74)/(-14) + 78/(-273) - 4. What are the prime factors of m/((-4910)/(-818) + -6)?
409
Suppose 43765 = 35*x - 452780. List the prime factors of x.
3, 4729
Suppose 115*y = 71*y + 58*y - 433832. What are the prime factors of y?
2, 61, 127
Let j(p) = -81*p + 109. Let q be j(18). Let i = 3182 + q. List the prime factors of i.
3, 13, 47
Let o = -91 + 96. Suppose 2*l + 4*a - 15 = -5, -20 = -o*l - 5*a. Suppose 0 = 2*r - 4*v - 32 - 10, l*v = 2*r - 41. List the prime factors of r.
19
Suppose 0 = 4*v + 4*r - 33664, -20213 - 4986 = -3*v + 4*r. What are the prime factors of v?
3, 2803
Let j = 2850 - 1801. Suppose -1324 = -c - 5*a, c - 5*a = 225 + j. List the prime factors of c.
3, 433
Let a(j) be the first derivative of j**4/4 - 2*j**3 - 3*j**2 - 5*j - 12. Let r be a(7). Suppose 168 = r*f + 5*f. List the prime factors of f.
2, 3
Suppose -3*a = 5*x + 253, -4*a - 3*x = -5*x + 372. Let v be 690/(-14) - 26/a - -1. Let q = 119 + v. What are the prime factors of q?
71
Let b = 621 - 429. Suppose -b = 9*z - 1254. What are the prime factors of z?
2, 59
Suppose 100*j - 1659769 = 281030 + 1165601. What are the prime factors of j?
2, 11, 353
Let v(y) = y**2 - 6*y - 9. Let b be v(7). Let x(l) = -l**2 - 51*l**3 - 1 + 102*l**3 - 58*l**3 - 28*l**3 - 2. List the prime factors of x(b).
3, 7, 13
Let q(n) = 4*n**2 - 6*n + 21. Let l(k) = k**2 - 13*k - 22. Let b be l(15). Let i be (5 - 4)/b - 78/(-16). List the prime factors of q(i).
7, 13
Suppose 22621 = -47*o - 8681. List the prime factors of o/(6*3/(-9)).
3, 37
Let g(l) = -618*l + 15. Let i(m) = 2*m - 2. Let b(w) = g(w) - 3*i(w). List the prime factors of b(-3).
3, 631
Let x(a) = -2*a**2 + 15*a - 2. Suppose 3*p - 13 = 8. Let d be x(p). List the prime factors of ((-684)/(-30))/(2/d).
3, 19
Let s(z) = 3*z**3 - 7*z**2 - 4*z + 7. Let u = 351 - 343. List the prime factors of s(u).
1063
List the prime factors of (196/1470)/(2/40445) - (-4)/6.
3, 29, 31
Let r be 6272/(-12)*144/(-56). Suppose n - h = r, -2222 = -n + 2*h - 875. What are the prime factors of n?
3, 149
Let c(m) = -39*m - 38*m + 37*m - 5 - 47*m. What are the prime factors of c(-1)?
2, 41
Let v = 7 - 1. Let x be (((-3)/(-2))/(3/v))/1. Suppose -3*o = -4*g + 236, 178 = x*g - 4*o + 2*o. What are the prime factors of g?
2, 31
Let t = 39 - 37. Let p = t + 2. Suppose 0 = -4*l - h + p*h + 83, -100 = -5*l + 5*h. List the prime factors of l.
23
Suppose -5*v + 2*v + 2*c + 72431 = 0, -3*c - 48289 = -2*v. List the prime factors of v.
7, 3449
Let i be (-1)/(0 - (-2)/(-1712)). Suppose 0 = 18*p - 20*p + i. What are the prime factors of p?
2, 107
Let d(n) = 5*n**2 - 7*n + 1. Let j be d(2). Suppose -12 = -j*x + 16. Let u(q) = 4*q + 7. List the prime factors of u(x).
23
Let f(v) be the second derivative of -v**5/20 + 3*v**4/4 + v**3/3 - 3*v**2/2 + 12*v. Let j be f(9). What are the prime factors of 546/j + (-2)/5?
2, 3
Let l(u) = 211*u. Suppose 2*z - 4*o = -3*z + 13, 0 = -3*z - o + 1. What are the prime factors of l(z)?
211
Let l = 2747 + -1552. Suppose 2917 = 16*a - l. List the prime factors of a.
257
Suppose -168*j + 139*j = 19836. Suppose -5*t = -t + 1608. Let p = t - j. What are the prime factors of p?
2, 3, 47
List the prime factors of (-2)/((-16)/(-56)) + 2070.
2063
Let h = 180 - 68. Let f = 770 + h. List the prime factors of f.
2, 3, 7
Let g = 43 + -31. Suppose -g = -j + 10. Let q = -9 + j. What are the prime factors of q?
13
Let a be (268/(-335))/(-2*1/(-10)). What are the prime factors of 438 + 1 + (a - -4)?
439
Let k be 13/65 - 979/(-5). Let u = 352 - k. Suppose 12*z + u = 18*z. List the prime factors of z.
2, 13
Let v(n) = -3*n**3 + 2*n**3 + n + 0*n + n - 6*n**2 - 3. Let g(w) = w - 25. Let y be g(17). List the prime factors of v(y).
109
Suppose -8*g = -8143 + 19911. Let h = g + 2177. What are the prime factors of h?
2, 353
Let q be ((-6)/4)/((-9)/12). Suppose 12*i - 17*i - 5*r = 0, 2*i + r = 0. Suppose i = q*g - 54 - 164. What are the prime factors of g?
109
Suppose -3*r + 210 = -126. Suppose r = -2*z + 4*z. Suppose 10*y = 8*y + z. What are the prime factors of y?
2, 7
What are the prime factors of (-292)/949 - (-547806)/39?
2, 3, 2341
Suppose 9*s + 28 = 16*s. Suppose s*b - 3320 = -4*f + 2*f, -5*f = -5*b - 8360. List the prime factors of f.
2, 3, 139
Let v(l) be the first derivative of 5*l**2/2 + 297*l + 2. What are the prime factors of v(0)?
3, 11
Let s = -1751 - -900. Let y = 981 + s. List the prime factors of y.
2, 5, 13
Let m(f) = -f**3 - 15*f**2 + 3*f + 18. Let r(v) = v**2. Suppose -5*d - 13 + 8 = 0. Let c(y) = d*m(y) + 2*r(y). List the prime factors of c(-17).
3, 11
Suppose 5*r - 38241 = -2*d + 17301, -4*r = 8. List the prime factors of d.
2, 7, 31
Let a(u) = -327*u - 828. List the prime factors of a(-21).
3, 11, 61
List the prime factors of 23767 + (-4)/(-4) + 10 + -18.
2, 3, 5, 11
Let z be (11/(220/(-8)))/(2/(-20)). List the prime factors of 6 + (-32)/z - -523.
521
Let t be -1*28350/(1 - 7). Suppose t = -4*q + 11*q. List the prime factors of q.
3, 5
Suppose -4*j - 5*d = -16322, 46*j - 41*j = 3*d + 20458. What are the prime factors of j?
2, 7, 73
List the prime factors of 4/(-18) + 431667/891*11.
73
Suppose -9*s = 106 - 34. Let o(g) = -g**3 - 7*g**2 - 6*g + 3. Let m be o(s). Let t = m + -54. What are the prime factors of t?
61
Suppose 22408 = 2*u - 5*s - 24962, -3*s + 23685 = u. List the prime factors of u.
3, 5, 1579
Let d = 31288 - 15798. What are the prime factors of d?
2, 5, 1549
Let v be ((-14)/2 - 0) + -2. Let q be (-2)/(4/6) - 1/(-1). What are the prime factors of (v/8*q)/(6/304)?
2, 3, 19
Let l be (-9 - -7)*3/(-2). Suppose 4*r + 3*o + 7 = 3*r, -3*r - o + l = 0. What are the prime factors of (65/(-10))/(r*(-2)/56)?
7, 13
Let m = 1989 + -1249. What are the prime factors of m?
2, 5, 37
Suppose 4*j + 3*l - 44649 = 0, 2438 = -2*j - 5*l + 24787. List the prime factors of j.
3, 3719
Suppose 0 = -15*x - 38*x - 42*x - 855. Let l(z) = z + 8. Let d be l(-6). List the prime factors of -18*(d + x) + -4.
2, 61
Suppose -3*v = -z + 2*v - 4, -3*v + 7 = 4*z. Let b be (z + (-39)/(-21))/((-6)/(-21)). Suppose 0 = -8*a + b*a - 342. List the prime factors of a.
3, 19
Let l = -12592 - -19035. List the prime factors of l.
17, 379
Let z = -84 - -93. Let p(q) = -q - z + q - 4*q. List the prime factors of p(-7).
19
Let b = 3285 - 1110. List the prime factor